{"id":528,"date":"2026-04-17T12:09:46","date_gmt":"2026-04-17T12:09:46","guid":{"rendered":"https:\/\/salonmysliwskirys.pl\/?post_type=product&#038;p=528"},"modified":"2026-04-17T12:25:26","modified_gmt":"2026-04-17T12:25:26","slug":"rws-30-06-119-g-evo","status":"publish","type":"product","link":"https:\/\/salonmysliwskirys.pl\/?product=rws-30-06-119-g-evo","title":{"rendered":"RWS .30-06 11,9 g EVO"},"content":{"rendered":"","protected":false},"excerpt":{"rendered":"<p>RWS Evo \u2013 nowoczesny pocisk o mi\u0119kkim rdzeniu, zaprojektowany z my\u015bl\u0105 o kontrolowanym grzybkowaniu i wysokiej skuteczno\u015bci obalaj\u0105cej. Dzi\u0119ki niklowanemu p\u0142aszczowi charakteryzuje si\u0119 du\u017c\u0105 powtarzalno\u015bci\u0105 oraz ograniczonym zabrudzeniem lufy.<\/p>\n<p>Precyzyjnie kontrolowana deformacja po trafieniu zapewnia nie tylko skuteczne przekazywanie energii, ale tak\u017ce minimalizuje uszkodzenia tuszy. Pocisk ten doskonale sprawdza si\u0119 podczas polowa\u0144 na zwierzyn\u0119 \u015bredni\u0105 i du\u017c\u0105.<\/p>\n","protected":false},"featured_media":529,"comment_status":"open","ping_status":"closed","template":"","meta":{"_et_pb_use_builder":"","_et_pb_old_content":"","_et_gb_content_width":""},"product_brand":[],"product_cat":[23],"product_tag":[],"class_list":{"0":"post-528","1":"product","2":"type-product","3":"status-publish","4":"has-post-thumbnail","6":"product_cat-amunicja","8":"first","9":"instock","10":"shipping-taxable","11":"product-type-simple"},"_links":{"self":[{"href":"https:\/\/salonmysliwskirys.pl\/index.php?rest_route=\/wp\/v2\/product\/528","targetHints":{"allow":["GET"]}}],"collection":[{"href":"https:\/\/salonmysliwskirys.pl\/index.php?rest_route=\/wp\/v2\/product"}],"about":[{"href":"https:\/\/salonmysliwskirys.pl\/index.php?rest_route=\/wp\/v2\/types\/product"}],"replies":[{"embeddable":true,"href":"https:\/\/salonmysliwskirys.pl\/index.php?rest_route=%2Fwp%2Fv2%2Fcomments&post=528"}],"wp:featuredmedia":[{"embeddable":true,"href":"https:\/\/salonmysliwskirys.pl\/index.php?rest_route=\/wp\/v2\/media\/529"}],"wp:attachment":[{"href":"https:\/\/salonmysliwskirys.pl\/index.php?rest_route=%2Fwp%2Fv2%2Fmedia&parent=528"}],"wp:term":[{"taxonomy":"product_brand","embeddable":true,"href":"https:\/\/salonmysliwskirys.pl\/index.php?rest_route=%2Fwp%2Fv2%2Fproduct_brand&post=528"},{"taxonomy":"product_cat","embeddable":true,"href":"https:\/\/salonmysliwskirys.pl\/index.php?rest_route=%2Fwp%2Fv2%2Fproduct_cat&post=528"},{"taxonomy":"product_tag","embeddable":true,"href":"https:\/\/salonmysliwskirys.pl\/index.php?rest_route=%2Fwp%2Fv2%2Fproduct_tag&post=528"}],"curies":[{"name":"wp","href":"https:\/\/api.w.org\/{rel}","templated":true}]}}