{"id":447,"date":"2026-04-16T08:23:47","date_gmt":"2026-04-16T08:23:47","guid":{"rendered":"https:\/\/salonmysliwskirys.pl\/?post_type=product&#038;p=447"},"modified":"2026-04-16T08:23:47","modified_gmt":"2026-04-16T08:23:47","slug":"pistolet-glock-45-9x19-mm","status":"publish","type":"product","link":"https:\/\/salonmysliwskirys.pl\/?product=pistolet-glock-45-9x19-mm","title":{"rendered":"Pistolet GLOCK 45 9&#215;19 mm"},"content":{"rendered":"<p>Najwa\u017cniejsze cechy:<\/p>\n<p>Konstrukcja \u201ecrossover\u201d \u2013 \u0142\u0105czy:<br \/>\npe\u0142nowymiarowy chwyt (jak w wi\u0119kszych modelach),<br \/>\nz kr\u00f3tszym, kompaktowym zamkiem (\u0142atwiejsze noszenie i operowanie).<br \/>\nBazuje na rozwi\u0105zaniach z modelu G19X, ale dostosowany do wymaga\u0144 s\u0142u\u017cb mundurowych.<\/p>\n<p>Ulepszenia w tej wersji:<\/p>\n<p>Pow\u0142oka nDLC \u2013 bardziej odporna na zu\u017cycie i korozj\u0119.<br \/>\nPrzednie naci\u0119cia na zamku (FS) \u2013 u\u0142atwiaj\u0105 prze\u0142adowanie, nawet w trudnych warunkach.<br \/>\nSzyna monta\u017cowa \u2013 do latarki lub lasera.<br \/>\nPoszerzona stopka magazynka \u2013 szybsza wymiana magazynka.<\/p>\n<p>Ergonomia i obs\u0142uga:<\/p>\n<p>bardziej p\u0142ynny spust,<br \/>\nulepszona tekstura chwytu (pewniejsze trzymanie),<br \/>\nobustronne elementy steruj\u0105ce (dla prawo- i lewor\u0119cznych),<br \/>\nwymienne nak\u0142adki chwytu (dopasowanie do d\u0142oni).<\/p>\n<p>Cel konstrukcji:<\/p>\n<p>wi\u0119ksza kontrola i celno\u015b\u0107 (m.in. dzi\u0119ki lufie GMB),<br \/>\nwysoka niezawodno\u015b\u0107 i ergonomia dla policji i wojska.<\/p>\n<p>W skr\u00f3cie:<br \/>\nGLOCK 45 to kompromis mi\u0119dzy du\u017cym pistoletem s\u0142u\u017cbowym a bardziej kompaktow\u0105 konstrukcj\u0105 \u2013 zaprojektowany g\u0142\u00f3wnie z my\u015bl\u0105 o profesjonalnym u\u017cytkowaniu, gdzie liczy si\u0119 szybko\u015b\u0107 dzia\u0142ania, pewny chwyt i niezawodno\u015b\u0107.<\/p>\n","protected":false},"excerpt":{"rendered":"<p>Najwa\u017cniejsze cechy: Konstrukcja \u201ecrossover\u201d \u2013 \u0142\u0105czy: pe\u0142nowymiarowy chwyt (jak w wi\u0119kszych modelach), z kr\u00f3tszym, kompaktowym zamkiem (\u0142atwiejsze noszenie i operowanie). Bazuje na rozwi\u0105zaniach z modelu G19X, ale dostosowany do wymaga\u0144 s\u0142u\u017cb mundurowych. Ulepszenia w tej wersji: Pow\u0142oka nDLC \u2013 bardziej odporna na zu\u017cycie i korozj\u0119. Przednie naci\u0119cia na zamku (FS) \u2013 u\u0142atwiaj\u0105 prze\u0142adowanie, nawet w [&hellip;]<\/p>\n","protected":false},"featured_media":448,"comment_status":"open","ping_status":"closed","template":"","meta":{"_et_pb_use_builder":"","_et_pb_old_content":"","_et_gb_content_width":""},"product_brand":[],"product_cat":[18],"product_tag":[],"class_list":{"0":"post-447","1":"product","2":"type-product","3":"status-publish","4":"has-post-thumbnail","6":"product_cat-bron","8":"first","9":"instock","10":"shipping-taxable","11":"product-type-simple"},"_links":{"self":[{"href":"https:\/\/salonmysliwskirys.pl\/index.php?rest_route=\/wp\/v2\/product\/447","targetHints":{"allow":["GET"]}}],"collection":[{"href":"https:\/\/salonmysliwskirys.pl\/index.php?rest_route=\/wp\/v2\/product"}],"about":[{"href":"https:\/\/salonmysliwskirys.pl\/index.php?rest_route=\/wp\/v2\/types\/product"}],"replies":[{"embeddable":true,"href":"https:\/\/salonmysliwskirys.pl\/index.php?rest_route=%2Fwp%2Fv2%2Fcomments&post=447"}],"wp:featuredmedia":[{"embeddable":true,"href":"https:\/\/salonmysliwskirys.pl\/index.php?rest_route=\/wp\/v2\/media\/448"}],"wp:attachment":[{"href":"https:\/\/salonmysliwskirys.pl\/index.php?rest_route=%2Fwp%2Fv2%2Fmedia&parent=447"}],"wp:term":[{"taxonomy":"product_brand","embeddable":true,"href":"https:\/\/salonmysliwskirys.pl\/index.php?rest_route=%2Fwp%2Fv2%2Fproduct_brand&post=447"},{"taxonomy":"product_cat","embeddable":true,"href":"https:\/\/salonmysliwskirys.pl\/index.php?rest_route=%2Fwp%2Fv2%2Fproduct_cat&post=447"},{"taxonomy":"product_tag","embeddable":true,"href":"https:\/\/salonmysliwskirys.pl\/index.php?rest_route=%2Fwp%2Fv2%2Fproduct_tag&post=447"}],"curies":[{"name":"wp","href":"https:\/\/api.w.org\/{rel}","templated":true}]}}