{"id":387,"date":"2026-04-14T11:07:01","date_gmt":"2026-04-14T11:07:01","guid":{"rendered":"https:\/\/salonmysliwskirys.pl\/?post_type=product&#038;p=387"},"modified":"2026-04-14T11:07:01","modified_gmt":"2026-04-14T11:07:01","slug":"sztucer-cz-600-alpha-223","status":"publish","type":"product","link":"https:\/\/salonmysliwskirys.pl\/?product=sztucer-cz-600-alpha-223","title":{"rendered":"SZTUCER CZ 600 ALPHA 223"},"content":{"rendered":"<p>Opis karabinu CZ 600 ALPHA \u2014 jednego z modeli z serii CZ 600 produkowanej przez CZ.<\/p>\n<p>W skr\u00f3cie, najwa\u017cniejsze cechy tego modelu to:<\/p>\n<p>Konstrukcja osady: polimer wzmocniony w\u0142\u00f3knem, symetryczna i przystosowana do u\u017cytkowania przez strzelc\u00f3w prawo- i lewor\u0119cznych, z mi\u0119kkimi wstawkami dla komfortu chwytu.<br \/>\nKalibry: szeroki zakres \u2014 od .223 Remington a\u017c po .300 Winchester Magnum, co czyni go uniwersalnym wyborem do r\u00f3\u017cnych zastosowa\u0144 (my\u015blistwo i strzelectwo sportowe).<br \/>\nLufa: \u015brednio ci\u0119\u017cka, gwintowana na ko\u0144cu (z os\u0142on\u0105 gwintu), co umo\u017cliwia monta\u017c urz\u0105dze\u0144 wylotowych (np. kompensator\u00f3w czy t\u0142umik\u00f3w \u2014 tam, gdzie prawo na to pozwala).<br \/>\nOptyka: zintegrowana szyna monta\u017cowa (Weaver\/Picatinny w zale\u017cno\u015bci od wersji rynku), u\u0142atwiaj\u0105ca instalacj\u0119 celownik\u00f3w optycznych.<br \/>\nDeklarowana celno\u015b\u0107: producent podaje mo\u017cliwo\u015b\u0107 osi\u0105gania skupienia rz\u0119du sub-MOA przy u\u017cyciu amunicji match (czyli bardzo dobrej jako\u015bci).<br \/>\nEksploatacja: nacisk na odporno\u015b\u0107 na warunki atmosferyczne i \u0142atw\u0105 konserwacj\u0119.<br \/>\nW praktyce<\/p>\n<p>CZ 600 ALPHA jest projektowany jako karabin u\u017cytkowy, czyli taki, kt\u00f3ry ma \u0142\u0105czy\u0107:<\/p>\n<p>dobr\u0105 celno\u015b\u0107,<br \/>\nprost\u0105 obs\u0142ug\u0119,<br \/>\nodporno\u015b\u0107 na warunki terenowe,<br \/>\nrozs\u0105dny stosunek ceny do mo\u017cliwo\u015bci.<\/p>\n","protected":false},"excerpt":{"rendered":"<p>Opis karabinu CZ 600 ALPHA \u2014 jednego z modeli z serii CZ 600 produkowanej przez CZ. W skr\u00f3cie, najwa\u017cniejsze cechy tego modelu to: Konstrukcja osady: polimer wzmocniony w\u0142\u00f3knem, symetryczna i przystosowana do u\u017cytkowania przez strzelc\u00f3w prawo- i lewor\u0119cznych, z mi\u0119kkimi wstawkami dla komfortu chwytu. Kalibry: szeroki zakres \u2014 od .223 Remington a\u017c po .300 Winchester [&hellip;]<\/p>\n","protected":false},"featured_media":388,"comment_status":"open","ping_status":"closed","template":"","meta":{"_et_pb_use_builder":"","_et_pb_old_content":"","_et_gb_content_width":""},"product_brand":[],"product_cat":[18],"product_tag":[],"class_list":{"0":"post-387","1":"product","2":"type-product","3":"status-publish","4":"has-post-thumbnail","6":"product_cat-bron","8":"first","9":"instock","10":"shipping-taxable","11":"product-type-simple"},"_links":{"self":[{"href":"https:\/\/salonmysliwskirys.pl\/index.php?rest_route=\/wp\/v2\/product\/387","targetHints":{"allow":["GET"]}}],"collection":[{"href":"https:\/\/salonmysliwskirys.pl\/index.php?rest_route=\/wp\/v2\/product"}],"about":[{"href":"https:\/\/salonmysliwskirys.pl\/index.php?rest_route=\/wp\/v2\/types\/product"}],"replies":[{"embeddable":true,"href":"https:\/\/salonmysliwskirys.pl\/index.php?rest_route=%2Fwp%2Fv2%2Fcomments&post=387"}],"wp:featuredmedia":[{"embeddable":true,"href":"https:\/\/salonmysliwskirys.pl\/index.php?rest_route=\/wp\/v2\/media\/388"}],"wp:attachment":[{"href":"https:\/\/salonmysliwskirys.pl\/index.php?rest_route=%2Fwp%2Fv2%2Fmedia&parent=387"}],"wp:term":[{"taxonomy":"product_brand","embeddable":true,"href":"https:\/\/salonmysliwskirys.pl\/index.php?rest_route=%2Fwp%2Fv2%2Fproduct_brand&post=387"},{"taxonomy":"product_cat","embeddable":true,"href":"https:\/\/salonmysliwskirys.pl\/index.php?rest_route=%2Fwp%2Fv2%2Fproduct_cat&post=387"},{"taxonomy":"product_tag","embeddable":true,"href":"https:\/\/salonmysliwskirys.pl\/index.php?rest_route=%2Fwp%2Fv2%2Fproduct_tag&post=387"}],"curies":[{"name":"wp","href":"https:\/\/api.w.org\/{rel}","templated":true}]}}